of 313231?
59, 5309
What are the prime factors of 2969250?
2, 3, 5, 37, 107
List the prime factors of 1154460.
2, 3, 5, 71, 271
List the prime factors of 578933.
23, 25171
List the prime factors of 7602182.
2, 7, 191, 2843
What are the prime factors of 4415593?
7, 13, 48523
What are the prime factors of 281647?
281647
What are the prime factors of 1152540?
2, 3, 5, 19, 337
List the prime factors of 5414543.
37, 61, 2399
What are the prime factors of 1493760?
2, 3, 5, 389
List the prime factors of 2117444.
2, 7, 47, 1609
What are the prime factors of 2296922?
2, 127, 9043
List the prime factors of 551987.
557, 991
What are the prime factors of 51635?
5, 23, 449
What are the prime factors of 230106?
2, 3, 38351
List the prime factors of 241045.
5, 7, 71, 97
What are the prime factors of 2346179?
11, 213289
List the prime factors of 35457.
3, 53, 223
What are the prime factors of 12356017?
12356017
What are the prime factors of 107099?
107099
List the prime factors of 256549.
151, 1699
List the prime factors of 3453597.
3, 7, 6091
What are the prime factors of 765008?
2, 137, 349
What are the prime factors of 15152233?
15152233
What are the prime factors of 534387?
3, 7, 25447
List the prime factors of 469563.
3, 156521
List the prime factors of 3883189.
3883189
What are the prime factors of 660882?
2, 3, 23, 4789
What are the prime factors of 104053?
104053
List the prime factors of 248042.
2, 124021
What are the prime factors of 1253351?
11, 29, 3929
List the prime factors of 13557653.
17, 797509
List the prime factors of 2004228.
2, 3, 55673
What are the prime factors of 13325?
5, 13, 41
What are the prime factors of 1603057?
1603057
What are the prime factors of 281346?
2, 3, 13, 3607
What are the prime factors of 5391?
3, 599
What are the prime factors of 1007659?
61, 16519
What are the prime factors of 122396?
2, 37, 827
List the prime factors of 297083.
297083
List the prime factors of 45162.
2, 3, 13, 193
List the prime factors of 158281.
83, 1907
List the prime factors of 667206.
2, 3, 101, 367
What are the prime factors of 106093?
13, 8161
List the prime factors of 5913439.
7, 844777
List the prime factors of 103757.
31, 3347
What are the prime factors of 2579617?
2579617
What are the prime factors of 3114534?
2, 3, 519089
What are the prime factors of 8426712?
2, 3, 7, 50159
List the prime factors of 9947100.
2, 3, 5, 71, 467
List the prime factors of 331898.
2, 7, 151, 157
List the prime factors of 3952.
2, 13, 19
List the prime factors of 6553837.
457, 14341
List the prime factors of 6972430.
2, 5, 19, 36697
What are the prime factors of 617294?
2, 29, 367
What are the prime factors of 1900207?
31, 61297
List the prime factors of 283904.
2, 1109
List the prime factors of 239076.
2, 3, 29, 229
List the prime factors of 3522706.
2, 11, 17, 9419
List the prime factors of 781023.
3, 257, 1013
What are the prime factors of 1417522?
2, 139, 5099
List the prime factors of 22397670.
2, 3, 5, 17, 14639
List the prime factors of 187095.
3, 5, 12473
List the prime factors of 916698.
2, 3, 152783
What are the prime factors of 15137056?
2, 11, 43003
What are the prime factors of 422655?
3, 5, 19, 1483
List the prime factors of 6839489.
6839489
What are the prime factors of 1399543?
1399543
What are the prime factors of 3499925?
5, 11, 13, 89
List the prime factors of 342647.
342647
List the prime factors of 14111233.
47, 300239
List the prime factors of 12561.
3, 53, 79
What are the prime factors of 206040?
2, 3, 5, 17, 101
What are the prime factors of 2889661?
719, 4019
What are the prime factors of 742904?
2, 92863
List the prime factors of 60300.
2, 3, 5, 67
List the prime factors of 404650.
2, 5, 8093
What are the prime factors of 30163?
7, 31, 139
What are the prime factors of 2028960?
2, 3, 5, 1409
List the prime factors of 202945.
5, 37, 1097
What are the prime factors of 1081010?
2, 5, 7, 15443
What are the prime factors of 4998050?
2, 5, 99961
List the prime factors of 2559898.
2, 11, 116359
List the prime factors of 2157066.
2, 3, 293, 409
List the prime factors of 2269700.
2, 5, 22697
What are the prime factors of 1246938?
2, 3, 7, 11, 2699
List the prime factors of 1975602.
2, 3, 329267
What are the prime factors of 14507557?
1039, 13963
List the prime factors of 198172.
2, 13, 37, 103
What are the prime factors of 2645655?
3, 5, 19, 9283
List the prime factors of 1531795.
5, 306359
What are the prime factors of 9773588?
2, 11, 222127
What are the prime factors of 157905?
3, 5, 11, 29
What are the prime factors of 23871978?
2, 3, 13, 17, 353
What are the prime factors of 28636641?
3, 11, 139, 2081
List the prime factors of 282490.
2, 5, 13, 41, 53
What are the prime factors of 2249460?
2, 3, 5, 12497
List the prime factors of 581253.
3, 193751
List the prime factors of 4290394.
2, 2145197
What are the prime factors of 1744399?
71, 79, 311
List the prime factors of 13611655.
5, 1637, 1663
List the prime factors of 1622425.
5, 7, 73, 127
What are the prime factors of 2916374?
2, 593, 2459
List the prime factors of 14727688.
2, 1840961
What are the prime factors of 1965788?
2, 11, 43, 1039
What are the prime factors of 881096?
2, 241, 457
What are the prime factors of 452092?
2, 113023
What are the prime factors of 269143?
7, 38449
List the prime factors of 551624.
2, 53, 1301
List the prime factors of 699682.
2, 349841
List the prime factors of 2996322.
2, 3, 7, 71341
List the prime factors of 3128870.
2, 5, 312887
What are the prime factors of 1743334?
2, 71, 12277
List the prime factors of 1770082.
2, 885041
List the prime factors of 19027664.
2, 19, 62591
List the prime factors of 53737.
17, 29, 109
List the prime factors of 9909065.
5, 1981813
List the prime factors of 225928.
2, 31, 911
What are the prime factors of 82303?
13, 487
What are the prime factors of 1255593?
3, 23, 31, 587
What are the prime factors of 14911?
13, 31, 37
What are the prime factors of 292375?
5, 2339
What are the prime factors of 1041719?
7, 148817
List the prime factors of 54760.
2, 5, 37
List the prime factors of 91658.
2, 7, 6547
List the prime factors of 8544.
2, 3, 89
List the prime factors of 430756.
2, 113, 953
What are the prime factors of 2587679?
47, 55057
What are the prime factors of 4900188?
2, 3, 29, 14081
List the prime factors of 284491.
47, 6053
What are the prime factors of 2796608?
2, 37, 1181
List the prime factors of 1490.
2, 5, 149
What are the prime factors of 580967?
47, 263
What are the prime factors of 5761835?
5, 1152367
What are the prime factors of 42494?
2, 21247
What are the prime factors of 3684039?
3, 1228013
List the prime factors of 6834742.
2, 3417371
What are the prime factors of 6232437?
3, 19, 12149
What are the prime factors of 22285?
5, 4457
List the prime factors of 157937.
13, 12149
List the prime factors of 358828.
2, 109, 823
What are the prime factors of 61588?
2, 89, 173
What are the prime factors of 12028414?
2, 601, 10007
What are the prime factors of 25750880?
2, 5, 227, 709
List the prime factors of 108990.
2, 3, 5, 7, 173
What are the prime factors of 442303?
401, 1103
What are the prime factors of 6661352?
2, 23, 41, 883
List the prime factors of 2251819.
2251819
What are the prime factors of 579664?
2, 36229
List the prime factors of 226601.
226601
List the prime factors of 255198.
2, 3, 42533
What are the prime factors of 775684?
2, 7, 13, 2131
List the prime factors of 9548203.
7, 17, 19, 41, 103
List the prime factors of 3658877.
3658877
List the prime factors of 64022.
2, 7, 17, 269
List the prime factors of 13232995.
5, 2646599
List the prime factors of 4855269.
3, 947, 1709
List the prime factors of 1076535.
3, 5, 47, 509
What are the prime factors of 412597?
23, 17939
List the prime factors of 6563509.
6563509
What are the prime factors of 214068?
2, 3, 17839
What are the prime factors of 766154?
2, 383077
List the prime factors of 68597.
68597
What are the prime factors of 728239?
353, 2063
List the prime factors of 125021.
13, 59, 163
What are the prime factors of 70046?
2, 35023
What are the prime factors of 10003234?
2, 19, 67, 3929
What are the prime factors of 8735969?
11, 794179
List the prime factors of 512222.
2, 193, 1327
List the prime factors of 1464479.
23, 41, 1553
What are th